{"id":1656,"date":"2025-02-20T11:04:16","date_gmt":"2025-02-20T10:04:16","guid":{"rendered":"https:\/\/people.mohole.it\/?page_id=1656"},"modified":"2025-02-20T11:51:39","modified_gmt":"2025-02-20T10:51:39","slug":"privacy-policy-2","status":"publish","type":"page","link":"https:\/\/people.mohole.it\/?page_id=1656","title":{"rendered":"Privacy Policy"},"content":{"rendered":"\n<h2 class=\"wp-block-heading\">Chi siamo<\/h2>\n\n\n\n<p><strong class=\"privacy-policy-tutorial\"> <\/strong>L&#8217;indirizzo del nostro sito web \u00e8: https:\/\/people.mohole.it.<\/p>\n\n\n\n<p>Proprietario del dominio\/sottodominio \u00e8<br>Mohole SRL<br>Via Giovanni Ventura<br>20134 Milano<br>Telefono: 02 3651 3670<br>e-mail: tech@mohole.it<\/p>\n\n\n\n<h2 class=\"wp-block-heading\">Commenti<\/h2>\n\n\n\n<p>Il sito non \u00e8 abilitato ai commenti<\/p>\n\n\n\n<h2 class=\"wp-block-heading\">Cookie<\/h2>\n\n\n\n<p><strong class=\"privacy-policy-tutorial\">Cookie Necessari: <\/strong><br>wpEmojiSettingsSupports <\/p>\n\n\n\n<p>Se visiti la pagina di login, verr\u00e0 impostato un cookie temporaneo per determinare se il tuo browser accetta i cookie. Questo cookie non contiene dati personali e viene eliminato quando chiudi il browser.<\/p>\n\n\n\n<p>L&#8217;accesso amministrativo non \u00e8 autorizzato terzi esterni a Mohole SRL<br><\/p>\n\n\n\n<p><strong class=\"privacy-policy-tutorial\">Cookie Funzionali: <\/strong><\/p>\n\n\n\n<p>Cookie Id Domain Duration<br>yt-remote-device-id youtube.com Never Expires<br>Description<br>YouTube sets this cookie to store the user&#8217;s video preferences using embedded YouTube videos.<br>Script URL pattern<br>youtube.com<\/p>\n\n\n\n<p>Cookie Id Domain Duration<br>yt-remote-connected-devices youtube.com Never Expires<br>Description<br>YouTube sets this cookie to store the user&#8217;s video preferences using embedded YouTube videos.<br>Script URL pattern<br>youtube.com<\/p>\n\n\n\n<p>Cookie Id Domain Duration<br>ytidb::LAST_RESULT_ENTRY_KEY youtube.com Never Expires<br>Description<br>The cookie ytidb::LAST_RESULT_ENTRY_KEY is used by YouTube to store the last search result entry that was clicked by the user. This information is used to improve the user experience by providing more relevant search results in the future.<br>Script URL pattern<br>youtube.com<\/p>\n\n\n\n<p>Cookie Id Domain Duration<br>yt-remote-session-app youtube.com session<br>Description<br>The yt-remote-session-app cookie is used by YouTube to store user preferences and information about the interface of the embedded YouTube video player.<br>Script URL pattern<br>youtube.com<\/p>\n\n\n\n<p>Cookie Id Domain Duration<br>yt-remote-cast-installed youtube.com session<br>Description<br>The yt-remote-cast-installed cookie is used to store the user&#8217;s video player preferences using embedded YouTube video.<br>Script URL pattern<br>youtube.com<\/p>\n\n\n\n<p>Cookie Id Domain Duration<br>yt-remote-session-name youtube.com session<br>Description<br>The yt-remote-session-name cookie is used by YouTube to store the user&#8217;s video player preferences using embedded YouTube video.<br>Script URL pattern<br>youtube.com<\/p>\n\n\n\n<p>Cookie Id Domain Duration<br>yt-remote-fast-check-period youtube.com session<br>Description<br>The yt-remote-fast-check-period cookie is used by YouTube to store the user&#8217;s video player preferences for embedded YouTube videos.<br>Script URL pattern<br>youtube.com<\/p>\n\n\n\n<p><strong>Cookie Advertisment:<\/strong><\/p>\n\n\n\n<p>Cookie Id Domain Duration<br>YSC .youtube.com session<br>Description<br>Youtube sets this cookie to track the views of embedded videos on Youtube pages.<br>Script URL pattern<br>youtube.com<\/p>\n\n\n\n<p>Cookie Id Domain Duration<br>VISITOR_INFO1_LIVE .youtube.com 6 months<br>Description<br>YouTube sets this cookie to measure bandwidth, determining whether the user gets the new or old player interface.<br>Script URL pattern<br>youtube.com<\/p>\n\n\n\n<p>Cookie Id Domain Duration<br>VISITOR_PRIVACY_METADATA .youtube.com 6 months<br>Description<br>YouTube sets this cookie to store the user&#8217;s cookie consent state for the current domain.<br>Script URL pattern<br>youtube.com<br><br>__Secure-ROLLOUT_TOKEN .youtube.com 6 months<\/p>\n\n\n\n<h2 class=\"wp-block-heading\">Contenuto incorporato da altri siti web<\/h2>\n\n\n\n<p><strong class=\"privacy-policy-tutorial\"> <\/strong>Gli articoli su questo sito possono includere contenuti incorporati (ad esempio video, immagini, articoli, ecc.). I contenuti incorporati da altri siti web si comportano esattamente allo stesso modo come se il visitatore avesse visitato l&#8217;altro sito web.<\/p>\n\n\n\n<p>Questi siti web possono raccogliere dati su di te, usare cookie, integrare ulteriori tracciamenti di terze parti e monitorare l&#8217;interazione con essi, incluso il tracciamento della tua interazione con il contenuto incorporato se hai un account e sei connesso a quei siti web.<\/p>\n\n\n\n<h2 class=\"wp-block-heading\">Con chi condividiamo i tuoi dati<\/h2>\n\n\n\n<p>Nessuno, utenti terzi non possono fare login<\/p>\n\n\n\n<h2 class=\"wp-block-heading\">Quali diritti hai sui tuoi dati<\/h2>\n\n\n\n<p>Se hai un account su questo sito, o hai lasciato commenti, puoi richiedere di ricevere un file esportato dal sito con i dati personali che abbiamo su di te, compresi i dati che ci hai fornito. Puoi anche richiedere che cancelliamo tutti i dati personali che ti riguardano. Questo non include i dati che siamo obbligati a conservare per scopi amministrativi, legali o di sicurezza.ove i tuoi dati sono inviati<\/p>\n\n\n\n<p><\/p>\n","protected":false},"excerpt":{"rendered":"<p>Chi siamo L&#8217;indirizzo del nostro sito web \u00e8: https:\/\/people.mohole.it. Proprietario del dominio\/sottodominio \u00e8Mohole SRLVia Giovanni Ventura20134 MilanoTelefono: 02 3651 3670e-mail: tech@mohole.it Commenti Il sito non \u00e8 abilitato ai commenti Cookie Cookie Necessari: wpEmojiSettingsSupports Se visiti la pagina di login, verr\u00e0 impostato un cookie temporaneo per determinare se il tuo browser accetta i cookie. Questo cookie [&hellip;]<\/p>\n","protected":false},"author":1,"featured_media":0,"parent":0,"menu_order":0,"comment_status":"closed","ping_status":"closed","template":"","meta":{"footnotes":""},"class_list":["post-1656","page","type-page","status-publish","hentry"],"featured_media_urls":[],"_links":{"self":[{"href":"https:\/\/people.mohole.it\/index.php?rest_route=\/wp\/v2\/pages\/1656","targetHints":{"allow":["GET"]}}],"collection":[{"href":"https:\/\/people.mohole.it\/index.php?rest_route=\/wp\/v2\/pages"}],"about":[{"href":"https:\/\/people.mohole.it\/index.php?rest_route=\/wp\/v2\/types\/page"}],"author":[{"embeddable":true,"href":"https:\/\/people.mohole.it\/index.php?rest_route=\/wp\/v2\/users\/1"}],"replies":[{"embeddable":true,"href":"https:\/\/people.mohole.it\/index.php?rest_route=%2Fwp%2Fv2%2Fcomments&post=1656"}],"version-history":[{"count":3,"href":"https:\/\/people.mohole.it\/index.php?rest_route=\/wp\/v2\/pages\/1656\/revisions"}],"predecessor-version":[{"id":1660,"href":"https:\/\/people.mohole.it\/index.php?rest_route=\/wp\/v2\/pages\/1656\/revisions\/1660"}],"wp:attachment":[{"href":"https:\/\/people.mohole.it\/index.php?rest_route=%2Fwp%2Fv2%2Fmedia&parent=1656"}],"curies":[{"name":"wp","href":"https:\/\/api.w.org\/{rel}","templated":true}]}}